hat is the hundred thousands digit of 142253475?
2
What is the millions digit of 2329738?
2
What is the hundreds digit of 15226355?
3
What is the hundred thousands digit of 411932025?
9
What is the ten millions digit of 34667708?
3
What is the hundred thousands digit of 804287593?
2
What is the thousands digit of 1750966421?
6
What is the tens digit of 87535287?
8
What is the hundred millions digit of 130613874?
1
What is the ten thousands digit of 197891740?
9
What is the hundreds digit of 33792993?
9
What is the hundred millions digit of 3544034145?
5
What is the ten thousands digit of 87529551?
2
What is the units digit of 155303799?
9
What is the ten millions digit of 10341954?
1
What is the ten millions digit of 116585527?
1
What is the millions digit of 293371036?
3
What is the ten thousands digit of 198443512?
4
What is the hundred millions digit of 164391380?
1
What is the millions digit of 888427678?
8
What is the thousands digit of 119394202?
4
What is the hundred thousands digit of 1652823?
6
What is the hundred millions digit of 133533044?
1
What is the millions digit of 224944296?
4
What is the millions digit of 186541378?
6
What is the units digit of 7954478?
8
What is the hundred millions digit of 3967338361?
9
What is the millions digit of 1852282130?
2
What is the hundreds digit of 246898499?
4
What is the ten thousands digit of 11448757?
4
What is the hundreds digit of 1172720929?
9
What is the ten thousands digit of 201018263?
1
What is the ten thousands digit of 72623886?
2
What is the hundred thousands digit of 224455843?
4
What is the hundred thousands digit of 189723428?
7
What is the hundred thousands digit of 40892784?
8
What is the hundred thousands digit of 5162967?
1
What is the thousands digit of 112785230?
5
What is the ten thousands digit of 47708716?
0
What is the thousands digit of 112807287?
7
What is the millions digit of 2305364639?
5
What is the tens digit of 3628016279?
7
What is the tens digit of 224821175?
7
What is the tens digit of 341976832?
3
What is the units digit of 811623655?
5
What is the ten millions digit of 51443047?
5
What is the hundreds digit of 1137021805?
8
What is the units digit of 53716660?
0
What is the tens digit of 69976026?
2
What is the hundred millions digit of 2459217423?
4
What is the thousands digit of 597778562?
8
What is the ten thousands digit of 586099113?
9
What is the hundreds digit of 1239015335?
3
What is the hundreds digit of 5686746468?
4
What is the millions digit of 39315269?
9
What is the tens digit of 1317100097?
9
What is the ten millions digit of 378890630?
7
What is the millions digit of 53814573?
3
What is the units digit of 13398715?
5
What is the tens digit of 963798?
9
What is the millions digit of 184383000?
4
What is the units digit of 391834143?
3
What is the millions digit of 572923484?
2
What is the ten millions digit of 236743324?
3
What is the hundred millions digit of 1464563034?
4
What is the ten thousands digit of 5047033990?
3
What is the millions digit of 15318185?
5
What is the hundred thousands digit of 1526724178?
7
What is the millions digit of 26451485?
6
What is the hundred thousands digit of 278273059?
2
What is the hundreds digit of 5164087140?
1
What is the thousands digit of 1715445738?
5
What is the units digit of 229279386?
6
What is the ten millions digit of 560187496?
6
What is the thousands digit of 24590124?
0
What is the hundreds digit of 494448?
4
What is the hundred thousands digit of 2701977773?
9
What is the thousands digit of 79925373?
5
What is the units digit of 1775507?
7
What is the tens digit of 32874355?
5
What is the hundreds digit of 675384913?
9
What is the hundred thousands digit of 1406749563?
7
What is the ten millions digit of 2659553769?
5
What is the units digit of 1806123445?
5
What is the thousands digit of 407403015?
3
What is the tens digit of 286219361?
6
What is the tens digit of 2471130947?
4
What is the ten millions digit of 16302409?
1
What is the thousands digit of 41016978?
6
What is the units digit of 64907162?
2
What is the tens digit of 217324141?
4
What is the thousands digit of 3720111806?
1
What is the ten thousands digit of 81243723?
4
What is the tens digit of 122681140?
4
What is the ten millions digit of 26149122?
2
What is the hundred thousands digit of 53643539?
6
What is the ten thousands digit of 236375518?
7
What is the hundred thousands digit of 362230969?
2
What is the tens digit of 11394857?
5
What is the tens digit of 190394651?
5
What is the hundred thousands digit of 55112589?
1
What is the ten thousands digit of 7238342621?
4
What is the ten thousands digit of 2444878995?
7
What is the units digit of 125363484?
4
What is the millions digit of 15814470?
5
What is the hundreds digit of 59864173?
1
What is the tens digit of 230471662?
6
What is the ten millions digit of 533527746?
3
What is the thousands digit of 3113256839?
6
What is the tens digit of 1268684913?
1
What is the units digit of 468123768?
8
What is the ten thousands digit of 30302598?
0
What is the thousands digit of 39317702?
7
What is the millions digit of 574644816?
4
What is the tens digit of 382882711?
1
What is the units digit of 47461384?
4
What is the millions digit of 381243764?
1
What is the ten millions digit of 74556914?
7
What is the tens digit of 72896198?
9
What is the ten thousands digit of 295927528?
2
What is the hundreds digit of 708581711?
7
What is the hundreds digit of 357672246?
2
What is the ten millions digit of 44057094?
4
What is the units digit of 32839932?
2
What is the millions digit of 125852632?
5
What is the ten thousands digit of 1639638157?
3
What is the hundreds digit of 24497593?
5
What is the tens digit of 201956212?
1
What is the hundred thousands digit of 398329848?
3
What is the ten millions digit of 174178959?
7
What is the hundred thousands digit of 158214199?
2
What is the ten thousands digit of 85756838?
5
What is the hundred thousands digit of 38770400?
7
What is the ten thousands digit of 94582002?
8
What is the hundred millions digit of 512013685?
5
What is the ten thousands digit of 1021955469?
5
What is the thousands digit of 617445277?
5
What is the thousands digit of 2491690754?
0
What is the tens digit of 203770517?
1
What is the ten thousands digit of 79735436?
3
What is the tens digit of 427106745?
4
What is the hundreds digit of 1229896483?
4
What is the thousands digit of 1178266264?
6
What is the tens digit of 231743515?
1
What is the hundred millions digit of 1829624987?
8
What is the ten millions digit of 67745847?
6
What is the ten thousands digit of 582441559?
4
What is the ten millions digit of 62367080?
6
What is the hundred millions digit of 453138656?
4
What is the tens digit of 8134738?
3
What is the units digit of 58645749?
9
What is the hundreds digit of 1138651691?
6
What is the ten millions digit of 170289997?
7
What is the units digit of 284949828?
8
What is the hundreds digit of 17244505?
5
What is the hundred millions digit of 581149691?
5
What is the hundreds digit of 975761653?
6
What is the hundred millions digit of 1674599737?
6
What is the tens digit of 1144260990?
9
What is the thousands digit of 1621503230?
3
What is the ten thousands digit of 4289755593?
5
What is the hundred thousands digit of 14163129?
1
What is the hundred millions digit of 108138813?
1
What is the ten thousands digit of 537700771?
0
What is the hundreds digit of 231088560?
5
What is the millions digit of 184963372?
4
What is the tens digit of 697736053?
5
What is the millions digit of 301166259?
1
What is the ten millions digit of 31284489?
3
What is the millions digit of 147844258?
7
What is the ten millions digit of 66206622?
6
What is the ten millions digit of 35666290?
3
What is the hundreds digit of 55413712?
7
What is the millions digit of 3281520?
3
What is the hundred thousands digit of 130374381?
3
What is the tens digit of 446318434?
3
What is the hundred thousands digit of 4508755525?
7
What is the hundred thousands digit of 1373173212?
1
What is the thousands digit of 81797074?
7
What is the units digit of 135918740?
0
What is the hundred millions digit of 3290405982?
2
What is the units digit of 15757026?
6
What is the tens digit of 16434730?
3